 and 3972.
12
Calculate the greatest common divisor of 26050 and 105242.
1042
What is the highest common divisor of 39 and 254033?
13
What is the greatest common factor of 160 and 147360?
160
What is the highest common factor of 17563 and 495817?
1351
What is the greatest common factor of 1075 and 117605?
215
Calculate the greatest common factor of 8321 and 1007.
53
What is the greatest common divisor of 345849 and 387?
129
What is the highest common divisor of 319 and 1202311?
319
Calculate the greatest common factor of 53 and 11621.
1
Calculate the highest common factor of 240 and 48140.
20
Calculate the highest common factor of 58 and 127426.
58
What is the greatest common factor of 1249 and 2?
1
What is the highest common divisor of 1908 and 153276?
636
What is the greatest common factor of 2404 and 60?
4
Calculate the highest common divisor of 33856 and 512.
64
Calculate the highest common divisor of 210 and 6020210.
70
What is the greatest common divisor of 6232 and 3496?
152
What is the greatest common factor of 54 and 23454?
18
Calculate the highest common factor of 153820 and 12.
4
Calculate the greatest common factor of 53451 and 792.
9
What is the greatest common divisor of 12432 and 61383?
777
What is the highest common factor of 165 and 960?
15
What is the greatest common factor of 1152 and 24660?
36
Calculate the greatest common factor of 132020 and 56.
28
Calculate the highest common divisor of 9 and 16641.
9
Calculate the highest common factor of 145524 and 45426.
402
Calculate the highest common divisor of 108 and 440802.
54
What is the greatest common factor of 132096 and 80?
16
What is the highest common factor of 5610 and 189915?
165
What is the highest common factor of 4100 and 600?
100
Calculate the greatest common factor of 68 and 5083.
17
What is the highest common divisor of 14926 and 43112?
34
What is the greatest common factor of 60114 and 18?
6
What is the greatest common divisor of 2240600 and 1360?
680
What is the highest common factor of 983325 and 1050?
525
Calculate the highest common divisor of 108520 and 104.
8
What is the highest common divisor of 304806 and 111?
111
What is the highest common divisor of 2084 and 6844?
4
Calculate the highest common factor of 10591 and 49.
7
Calculate the highest common factor of 1693888 and 280.
56
What is the greatest common factor of 26474 and 122?
122
What is the greatest common divisor of 98502 and 12?
6
Calculate the greatest common factor of 113050 and 875.
175
What is the highest common divisor of 130 and 1219270?
130
Calculate the highest common divisor of 62 and 13117154.
62
What is the highest common factor of 3 and 6936?
3
Calculate the highest common factor of 47100 and 1920.
60
What is the highest common factor of 19 and 283?
1
Calculate the highest common divisor of 54 and 297783.
27
Calculate the highest common factor of 16182 and 147870.
558
What is the greatest common factor of 53511 and 3?
3
What is the greatest common factor of 1446434 and 5676?
946
What is the highest common factor of 51 and 16694?
17
What is the highest common divisor of 2835 and 621?
27
Calculate the greatest common factor of 268172 and 4.
4
Calculate the greatest common factor of 533833 and 34201.
1487
What is the highest common divisor of 19276 and 316?
316
What is the greatest common factor of 30478 and 153012?
622
Calculate the greatest common divisor of 9 and 3777.
3
What is the highest common factor of 5 and 175229?
1
What is the highest common divisor of 1403 and 38387?
23
Calculate the greatest common divisor of 7065 and 69865.
785
Calculate the highest common factor of 76464 and 131157.
531
What is the highest common divisor of 104 and 90568?
8
Calculate the highest common factor of 872 and 201976.
8
Calculate the greatest common divisor of 51835 and 371.
7
What is the highest common factor of 74 and 564472?
74
What is the greatest common factor of 26934 and 402?
402
Calculate the highest common factor of 493 and 40783.
17
What is the highest common divisor of 186 and 260334?
6
What is the highest common divisor of 95832 and 1944?
72
Calculate the greatest common divisor of 848 and 800.
16
Calculate the greatest common factor of 8343 and 37017.
81
What is the greatest common divisor of 708 and 45076?
236
Calculate the greatest common factor of 91 and 5033.
7
What is the greatest common divisor of 25860 and 420?
60
What is the highest common factor of 132427 and 453?
151
What is the greatest common factor of 219410 and 60?
10
Calculate the highest common factor of 279 and 3234509.
31
What is the greatest common divisor of 442 and 51402?
26
What is the highest common factor of 2314 and 12806833?
1157
Calculate the greatest common factor of 291588 and 16027.
517
Calculate the greatest common divisor of 81795 and 1260.
105
Calculate the highest common divisor of 2863329 and 413.
413
What is the highest common factor of 950 and 1300?
50
What is the highest common divisor of 45304 and 33169?
809
Calculate the highest common factor of 1751 and 14773.
17
Calculate the highest common divisor of 3348 and 310.
62
Calculate the highest common divisor of 4907 and 14.
7
Calculate the highest common divisor of 1320 and 500.
20
What is the highest common divisor of 84 and 195860?
28
What is the greatest common factor of 4408 and 9424?
152
Calculate the greatest common divisor of 16486319 and 19.
19
Calculate the greatest common divisor of 48796 and 176.
44
Calculate the highest common divisor of 1694 and 253858.
242
Calculate the greatest common divisor of 3033 and 20557.
337
Calculate the highest common divisor of 467 and 331103.
467
What is the highest common factor of 5738 and 211702?
302
Calculate the greatest common divisor of 244164 and 4.
4
Calculate the highest common divisor of 16541 and 119.
119
What is the highest common factor of 414 and 3672?
18
What is the greatest common divisor of 28139 and 57?
19
What is the greatest common divisor of 531 and 274173?
177
What is the highest common factor of 8496 and 2286?
18
Calculate the highest common factor of 1634 and 215.
43
Calculate the highest common divisor of 190600 and 400.
200
Calculate the highest common factor of 19926 and 1566.
54
Calculate the greatest common factor of 612 and 346545.
153
What is the highest common divisor of 1470847 and 133?
133
What is the greatest common factor of 528 and 19851?
3
What is the highest common divisor of 76 and 1216?
76
What is the greatest common divisor of 1356 and 86844?
12
What is the highest common factor of 165 and 4884935?
55
Calculate the highest common factor of 5129 and 3243.
23
What is the greatest common factor of 255 and 422161?
17
Calculate the highest common factor of 13888 and 140.
28
Calculate the highest common factor of 45266 and 4849.
13
What is the greatest common divisor of 189 and 1416429?
63
Calculate the greatest common divisor of 10 and 323265.
5
Calculate the highest common divisor of 3321023 and 183.
61
What is the highest common divisor of 2490738 and 34?
34
What is the highest common divisor of 1075880 and 1040?
520
Calculate the greatest common divisor of 1674 and 4526.
62
Calculate the highest common factor of 4567501 and 142.
71
Calculate the greatest common factor of 17289 and 72207.
1017
Calculate the greatest common divisor of 56072 and 489.
163
Calculate the greatest common divisor of 70 and 342510.
70
What is the greatest common divisor of 666 and 192?
6
Calculate the highest common factor of 110 and 846065.
55
Calculate the greatest common factor of 4196 and 64.
4
Calculate the greatest common factor of 3965 and 20923.
61
Calculate the highest common divisor of 27186 and 788.
394
Calculate the greatest common divisor of 3416 and 72163.
427
Calculate the greatest common divisor of 184950 and 200.
50
Calculate the highest common factor of 682 and 2332781.
341
What is the highest common factor of 27944 and 504?
56
What is the highest common divisor of 7 and 948444?
7
Calculate the highest common factor of 124 and 69781.
31
Calculate the highest common factor of 62865 and 72.
9
Calculate the greatest common factor of 130 and 107510.
130
What is the greatest common factor of 376439 and 7?
7
Calculate the highest common factor of 339899 and 413.
413
What i